{"id":7445,"date":"2023-08-08T15:56:54","date_gmt":"2023-08-08T13:56:54","guid":{"rendered":"https:\/\/www.manikuramichaela.sk\/?page_id=7445"},"modified":"2023-08-08T15:56:54","modified_gmt":"2023-08-08T13:56:54","slug":"zasady-pouzivania-suborov-cookie-eu","status":"publish","type":"page","link":"https:\/\/www.manikuramichaela.sk\/?page_id=7445","title":{"rendered":"Z\u00e1sady pou\u017e\u00edvania s\u00faborov cookie (E\u00da)"},"content":{"rendered":"<!-- wp:complianz\/document {\"title\":\"Z\u00e1sady pou\u017e\u00edvania s\u00faborov cookie (E\u00da)\",\"selectedDocument\":\"cookie-statement\"} \/-->","protected":false},"excerpt":{"rendered":"","protected":false},"author":1,"featured_media":0,"parent":0,"menu_order":0,"comment_status":"closed","ping_status":"closed","template":"","meta":[],"_links":{"self":[{"href":"https:\/\/www.manikuramichaela.sk\/index.php?rest_route=\/wp\/v2\/pages\/7445"}],"collection":[{"href":"https:\/\/www.manikuramichaela.sk\/index.php?rest_route=\/wp\/v2\/pages"}],"about":[{"href":"https:\/\/www.manikuramichaela.sk\/index.php?rest_route=\/wp\/v2\/types\/page"}],"author":[{"embeddable":true,"href":"https:\/\/www.manikuramichaela.sk\/index.php?rest_route=\/wp\/v2\/users\/1"}],"replies":[{"embeddable":true,"href":"https:\/\/www.manikuramichaela.sk\/index.php?rest_route=%2Fwp%2Fv2%2Fcomments&post=7445"}],"version-history":[{"count":0,"href":"https:\/\/www.manikuramichaela.sk\/index.php?rest_route=\/wp\/v2\/pages\/7445\/revisions"}],"wp:attachment":[{"href":"https:\/\/www.manikuramichaela.sk\/index.php?rest_route=%2Fwp%2Fv2%2Fmedia&parent=7445"}],"curies":[{"name":"wp","href":"https:\/\/api.w.org\/{rel}","templated":true}]}}